te the remainder when 33 is divided by l.
16
Let r = 7 + -8. Let h(f) = -14*f - 1. Calculate the remainder when h(r) is divided by 8.
5
Let d(y) = -y**2 - 14*y - 2. Let t(o) = -2*o**3 + 14*o**2 + 4*o - 12. Calculate the remainder when d(-6) is divided by t(7).
14
Calculate the remainder when 24 is divided by (-24)/20*(-45)/6.
6
Suppose -306 = -3*c + c. Suppose 0*u - 3*u + c = 0. Calculate the remainder when u is divided by 18.
15
Let v = -3 - -16. Calculate the remainder when v is divided by ((-35)/(-14))/((-2)/(-4)).
3
Let m = -4 - -87. Suppose 3*r + m = 4*q, -4*r + q = 2*q + 79. Let t = -12 - r. Calculate the remainder when t is divided by 5.
4
Let l(j) = -11*j - 326. Suppose -8 = -3*i - 23. Let h = i + 48. What is the remainder when h is divided by l(-31)?
13
Suppose 2 = 4*h + 4*j - 6, 0 = h - 5*j + 10. Suppose 3*z + u - 114 = h, -190 = -z - 4*z - 2*u. Let d = 8 - -12. Calculate the remainder when z is divided by d.
18
Let t = -23 - -120. Calculate the remainder when t is divided by 33.
31
Let q = 38 + -23. What is the remainder when 26 is divided by q?
11
Let w(n) = -n**3 + 4*n**2 + 4*n + 7. Let t be w(5). What is the remainder when 217/28*(6 - t) is divided by ((-3)/2)/(6/(-64))?
15
Let g(x) = -13*x - 7. What is the remainder when g(-6) is divided by 37?
34
Calculate the remainder when 3 + (70 - (-6)/3) is divided by 13.
10
Suppose -4*q = 2*n - 48, n = 2*n + 4*q - 28. What is the remainder when 58 is divided by n?
18
Let y(a) = 56*a**3 + a - 1. Suppose 0 = -2*k - 3*k + 5. What is the remainder when y(k) is divided by 19?
18
Let n(v) = v**2 + 7*v + 7. Calculate the remainder when n(-8) is divided by 9.
6
Suppose 58 = 3*k + k - 3*z, 3*k = -4*z + 31. What is the remainder when 24 is divided by k?
11
Let u be (5 - -112) + 0 + -2. Let b = -69 + u. Calculate the remainder when b is divided by 12.
10
Let o(y) = -y + 3*y**2 + 1 + 0 - 2. Let d be (3 - 1)/(3/6). What is the remainder when o(d) is divided by 11?
10
Let r(u) = -5*u + 28. Calculate the remainder when ((-1)/(-2))/(-1)*-102 is divided by r(3).
12
Suppose f = 2 + 6. Calculate the remainder when f is divided by 4.
0
Let g(b) = 7*b - 2. Calculate the remainder when 131 is divided by g(5).
32
Let i(f) = 5*f**3 - f**2 - f + 1. Let o = -4 + 6. Suppose -5*h = -5*v - 55, -5*h + 64 = v + 3*v. What is the remainder when i(o) is divided by h?
11
Suppose -71 = -2*w + 11. Calculate the remainder when w is divided by 7.
6
Suppose 3*a - 3*q - 543 = 0, 20 + 358 = 2*a + 2*q. What is the remainder when a is divided by 31?
30
Let i(m) = -2*m + 3. Suppose 3*w - 2*v + 6 = -v, 5*v = 3*w - 6. What is the remainder when 34 is divided by i(w)?
7
Let q(j) = -3*j + 14. Let f be q(10). Calculate the remainder when 24 is divided by (-8)/f + 34/4.
6
Let i = -27 + 39. What is the remainder when 59 is divided by i?
11
Suppose -h + 4*h = 3*t - 39, 0 = -5*t + 4*h + 62. Suppose 2*z - t = -4. What is the remainder when z/3 - 22/(-2) is divided by 7?
5
What is the remainder when 33 is divided by ((-54)/(-30))/((-2)/(-10))?
6
Let r(w) = 2*w**2 - w + 4. Calculate the remainder when r(4) is divided by 5.
2
Let q(w) = w**3 - 4*w**2 - 2*w - 1. Let u be q(4). Let k = 15 + u. Suppose 6 = 2*l + 4*c, -5*l + c = -3*l - 26. Calculate the remainder when l is divided by k.
5
Let z = 2 - -5. Let k be 0 + 1 + 0 + 1. Suppose 5*y = 5*l - 75, 5*l + 4*y = k*y + 110. Calculate the remainder when l is divided by z.
6
Let t = -2 + 9. Suppose -9*f - 2*f + 132 = 0. Calculate the remainder when f is divided by t.
5
Let w = -22 + 63. What is the remainder when 161 is divided by w?
38
Suppose -2*s + 51 = 4*v + v, -5*s + 60 = -v. Suppose 3*h = -4*i + 200, 4*i - 3*h - 2*h - 200 = 0. Calculate the remainder when i is divided by s.
11
Let x = 8 + 33. Calculate the remainder when x is divided by 11.
8
Suppose 3*h + 2*v = -2*v + 16, -5*h + 2*v = -18. Calculate the remainder when 5 is divided by h.
1
Suppose -g - 15 + 3 = 0. Let t = -4 - g. Calculate the remainder when 15 is divided by t.
7
Let o = -2 + 4. Let n be 0/3 + 29 + -3. Suppose 0*q + 3*b + 1 = 2*q, -2*b = 4*q - n. What is the remainder when q is divided by o?
1
Let b = 41 - 20. What is the remainder when 80 is divided by b?
17
Let a(c) = -c**3 + 15*c**2 + 17*c - 12. What is the remainder when a(16) is divided by 2?
0
Suppose -l - 4*a + 30 = 0, -a - 103 = -l - 2*l. Calculate the remainder when l is divided by 31.
3
Let c(r) be the first derivative of 15*r**2 + r - 1. Suppose -t + 5 = 3. Calculate the remainder when c(t) is divided by 16.
13
Suppose -f + 59 = f - 3*m, 2*m + 58 = 2*f. Let y = -17 + f. Calculate the remainder when 41 is divided by y.
8
Let w be -1 + 1 + 0 + 0. Let l = w + 5. Calculate the remainder when l is divided by 3.
2
Suppose -2*b + 8 = 4*v, 0*v - 2*v + 4*b - 16 = 0. Suppose 8*o - 5*o - 45 = v. What is the remainder when o is divided by 4?
3
Let p(z) = -z**2 + 4*z - 3. Let c be p(2). Let u = 2 - c. What is the remainder when (3/(-6))/(u/(-10)) is divided by 4?
1
Let v = -1 + 1. Suppose -3*n + 3*y = -8*n + 79, -5*y + 15 = v. Calculate the remainder when n is divided by 8.
6
Let r(c) = -9*c**2 + 0 - c**3 - 6 - 9*c + 1. Let h = 1 + -9. Calculate the remainder when 7 is divided by r(h).
1
Let k(b) = b**2 - 5*b + 6. Let h(x) = -x**2 - x + 1. Let g(s) = -6*h(s) + k(s). What is the remainder when 15 is divided by g(-1)?
3
Let v(i) = -i**2 + 7*i + 4. Let a be v(6). Let x = a + -14. Let w = 5 - x. Calculate the remainder when w is divided by 5.
4
Let j(l) = l**3 + 9*l**2 + 11*l + 8. Let i be j(-8). Let o = -7 - i. Suppose 3*r - 5*r + 50 = 0. Calculate the remainder when r is divided by o.
7
Suppose -5*o - 5 = 5. Let l = o + 6. What is the remainder when 15 is divided by l?
3
Suppose -2*f = -r + 8, 4*r + 4*f - 66 = 14. Let n = -71 - -80. What is the remainder when r is divided by n?
7
Let x(d) = 10*d + d**2 + 7*d + 4 - 8*d. Let g(c) = 2*c**2. Calculate the remainder when x(-9) is divided by g(-1).
0
What is the remainder when (-2)/(-4) - 186/(-4) is divided by (-2)/(-3) + (-442)/(-39)?
11
Let r = -3 - -9. Let u(i) = 2*i**2 - 9*i + 8. Let w be u(r). Suppose 4*o = -5*j + 4*j + 44, -3*o + j + w = 0. Calculate the remainder when 18 is divided by o.
8
Suppose 0 = -6*h - 3*h + 414. Calculate the remainder when h is divided by 10.
6
Let l(n) = 13*n**2 - 4*n + 2. Calculate the remainder when l(2) is divided by 16.
14
Let j(l) = -l**3 + 7 + 3 + 10*l**2 + 6*l - 4*l**2. Let r(h) = 2*h**2 + 2*h + 3. Let d be r(-2). Calculate the remainder when j(d) is divided by 2.
1
Suppose 0 = -4*j + 2*a + 48, 0 = 3*j - 4*a - 21 - 10. What is the remainder when 62 is divided by j?
10
Suppose -l = 2*l - p - 113, 2*l - 66 = -4*p. Let g = -4 - -8. Suppose -g*t + 39 = -t. What is the remainder when l is divided by t?
11
Suppose 2*q - q = 9. What is the remainder when 26 is divided by q?
8
What is the remainder when 8/10*(-30)/12 - -40 is divided by 10?
8
Let p(b) = -b**2 + 16*b - 6. What is the remainder when p(11) is divided by 13?
10
Suppose 2*i - 95 = -3*f, -i + 4*f = 3*i - 140. Calculate the remainder when 158 is divided by i.
38
Let g(n) = -7*n + 2. Let m(d) = -20*d + 5. Let o(q) = -17*g(q) + 6*m(q). Calculate the remainder when 4 is divided by o(-6).
0
Let z(p) = -2*p - 1. Calculate the remainder when 23 is divided by z(-7).
10
Let p be (-21)/(-9) - 6/(-9). Suppose p*b - 16 = -b. What is the remainder when b is divided by 2?
0
Suppose 14 = 2*q - 4*w, -q = -4*q + w + 36. Calculate the remainder when 51 is divided by q.
12
Suppose 3*n = n - 12. Let y be 609/9 + (-2)/n. Suppose -4*q - 4*r = -r - y, -3*q - 5*r = -40. What is the remainder when q is divided by 7?
6
Let b(u) = -u**3 + 3*u**2 + u + 5. Let a be b(4). Let c = a + 25. What is the remainder when 71 is divided by c?
17
Let j be (27/6)/((-9)/(-24)). Let k = j - 10. Suppose k*r + 3*d - 2*d - 32 = 0, 4*r + 5*d = 70. What is the remainder when 28 is divided by r?
13
Let h(q) = -30*q - 93. Suppose 0 = -5*z + 4*j + 650 - 105, 5*z - 515 = -2*j. Calculate the remainder when z is divided by h(-4).
24
Let n(k) be the first derivative of k**3/3 - 5*k**2/2 + 9*k - 6. Calculate the remainder when n(6) is divided by 6.
3
Suppose 3 = 4*o - o. Suppose -o = 5*r - 6*r. Let v(c) = c**3 - c**2 - c + 1. Calculate the remainder when r is divided by v(0).
0
Suppose 3*t = 76 